191
Calculate the remainder when 37249 is divided by 177.
79
What is the remainder when 3111 is divided by 367?
175
What is the remainder when 3491 is divided by 1696?
99
Calculate the remainder when 22662 is divided by 449.
212
What is the remainder when 13706 is divided by 530?
456
Calculate the remainder when 46508 is divided by 17.
13
Calculate the remainder when 429072 is divided by 2005.
2
What is the remainder when 576857 is divided by 313?
311
Calculate the remainder when 20837 is divided by 64.
37
What is the remainder when 23652 is divided by 169?
161
Calculate the remainder when 26567 is divided by 13280.
7
What is the remainder when 1344 is divided by 78?
18
Calculate the remainder when 2091 is divided by 32.
11
Calculate the remainder when 5771 is divided by 29.
0
Calculate the remainder when 402600 is divided by 80518.
10
Calculate the remainder when 232327 is divided by 379.
0
Calculate the remainder when 3516 is divided by 2228.
1288
Calculate the remainder when 544324 is divided by 272159.
6
Calculate the remainder when 5336 is divided by 34.
32
What is the remainder when 58629 is divided by 30?
9
What is the remainder when 1084 is divided by 35?
34
Calculate the remainder when 1484419 is divided by 21.
13
What is the remainder when 780 is divided by 430?
350
What is the remainder when 5659 is divided by 2108?
1443
Calculate the remainder when 43815 is divided by 93.
12
Calculate the remainder when 4326723 is divided by 21.
9
Calculate the remainder when 60032 is divided by 7451.
424
What is the remainder when 124943 is divided by 34?
27
Calculate the remainder when 397 is divided by 47.
21
Calculate the remainder when 226222 is divided by 916.
886
What is the remainder when 3001 is divided by 129?
34
Calculate the remainder when 9871 is divided by 52.
43
Calculate the remainder when 179332 is divided by 18.
16
Calculate the remainder when 17708 is divided by 134.
20
What is the remainder when 137047 is divided by 296?
295
What is the remainder when 20705 is divided by 2957?
6
Calculate the remainder when 554067 is divided by 11.
8
Calculate the remainder when 345 is divided by 70.
65
What is the remainder when 45162 is divided by 983?
927
Calculate the remainder when 599 is divided by 190.
29
What is the remainder when 72188 is divided by 13?
12
What is the remainder when 12891 is divided by 607?
144
What is the remainder when 37544 is divided by 9361?
100
Calculate the remainder when 7774 is divided by 3843.
88
What is the remainder when 6651 is divided by 37?
28
Calculate the remainder when 70688 is divided by 140.
128
Calculate the remainder when 3971 is divided by 3338.
633
Calculate the remainder when 288303 is divided by 96101.
0
What is the remainder when 34503 is divided by 58?
51
Calculate the remainder when 459174 is divided by 71.
17
What is the remainder when 40321 is divided by 631?
568
What is the remainder when 7858 is divided by 226?
174
Calculate the remainder when 192 is divided by 112.
80
Calculate the remainder when 8309 is divided by 12.
5
Calculate the remainder when 1668 is divided by 338.
316
Calculate the remainder when 8864 is divided by 54.
8
Calculate the remainder when 44055 is divided by 657.
36
Calculate the remainder when 16959 is divided by 794.
285
What is the remainder when 12067 is divided by 3016?
3
What is the remainder when 716 is divided by 228?
32
Calculate the remainder when 29877 is divided by 8.
5
Calculate the remainder when 67474 is divided by 10.
4
Calculate the remainder when 73984 is divided by 118.
116
What is the remainder when 346695 is divided by 130?
115
What is the remainder when 96436 is divided by 51?
46
What is the remainder when 13132 is divided by 729?
10
What is the remainder when 285779 is divided by 44?
43
Calculate the remainder when 74452 is divided by 716.
704
What is the remainder when 1851 is divided by 815?
221
What is the remainder when 2142 is divided by 333?
144
Calculate the remainder when 108565 is divided by 6386.
3
Calculate the remainder when 290679 is divided by 14.
11
What is the remainder when 61353 is divided by 33?
6
What is the remainder when 30950 is divided by 231?
227
What is the remainder when 42837 is divided by 18?
15
What is the remainder when 3959 is divided by 233?
231
What is the remainder when 112030 is divided by 291?
286
Calculate the remainder when 23093 is divided by 5771.
9
What is the remainder when 1665 is divided by 66?
15
What is the remainder when 8047 is divided by 11?
6
Calculate the remainder when 286905 is divided by 143431.
43
What is the remainder when 60655 is divided by 136?
135
Calculate the remainder when 663 is divided by 314.
35
Calculate the remainder when 12500 is divided by 757.
388
What is the remainder when 3073588 is divided by 45?
43
What is the remainder when 123892 is divided by 5162?
4
Calculate the remainder when 342288 is divided by 1549.
1508
Calculate the remainder when 230717 is divided by 8.
5
Calculate the remainder when 4776 is divided by 1163.
124
What is the remainder when 43126 is divided by 42894?
232
What is the remainder when 332084 is divided by 258?
38
What is the remainder when 73 is divided by 19?
16
Calculate the remainder when 87273 is divided by 97.
70
What is the remainder when 13908 is divided by 398?
376
Calculate the remainder when 11420 is divided by 1628.
24
What is the remainder when 333516 is divided by 40?
36
Calculate the remainder when 25708 is divided by 13.
7
Calculate the remainder when 4119 is divided by 1019.
43
What is the remainder when 67104 is divided by 33418?
268
Calculate the remainder when 322 is divided by 212.
110
What is the remainder when 1533 is divided by 26?
25
Calculate the remainder when 13985 is divided by 269.
266
Calculate the remainder when 30459 is divided by 6091.
4
What is the remainder when 20490 is divided by 621?
618
Calculate the remainder when 95355 is divided by 23.
20
What is the remainder when 23716 is divided by 112?
84
Calculate the remainder when 6574 is divided by 368.
318
What is the remainder when 24085 is divided by 259?
257
Calculate the remainder when 47092 is divided by 29.
25
Calculate the remainder when 65294 is divided by 111.
26
What is the remainder when 30611 is divided by 10005?
596
Calculate the remainder when 14349 is divided by 322.
181
Calculate the remainder when 69537 is divided by 14.
13
Calculate the remainder when 105755 is divided by 121.
1
Calculate the remainder when 696 is divided by 69.
6
Calculate the remainder when 16059 is divided by 5338.
45
What is the remainder when 8142 is divided by 26?
4
What is the remainder when 5404 is divided by 2676?
52
Calculate the remainder when 45779 is divided by 28.
27
Calculate the remainder when 60540 is divided by 21.
18
Calculate the remainder when 96536 is divided by 219.
176
What is the remainder when 6388 is divided by 15?
13
Calculate the remainder when 15275 is divided by 1689.
74
Calculate the remainder when 784 is divided by 191.
20
Calculate the remainder when 157429 is divided by 19678.
5
What is the remainder when 11538 is divided by 222?
216
What is the remainder when 2402 is divided by 281?
154
What is the remainder when 35062 is divided by 1836?
178
Calculate the remainder when 178 is divided by 53.
19
What is the remainder when 22348 is divided by 2432?
460
Calculate the remainder when 37572 is divided by 259.
17
What is the remainder when 905 is divided by 284?
53
Calculate the remainder when 38472 is divided by 2564.
12
What is the remainder when 3520 is divided by 738?
568
What is the remainder when 1877 is divided by 217?
141
What is the remainder when 212 is divided by 28?
16
What is the remainder when 19745 is divided by 119?
110
Calculate the remainder when 4834 is divided by 18.
10
Calculate the remainder when 2059 is divided by 84.
43
What is the remainder when 248037 is divided by 40?
37
What is the remainder when 4381 is divided by 1257?
610
Calculate the remainder when 39179 is divided by 316.
311
What is the remainder when 376545 is divided by 12?
9
What is the remainder when 49666 is divided by 109?
71
Calculate the remainder when 230206 is divided by 30.
16
What is the remainder when 22226 is divided by 89?
65
What is the remainde